omposite number?
False
Suppose 0 = -5*a + 15, -732502 = -4*i + 3*a + 79669. Is i a composite number?
True
Suppose -390 = -2*n - 11*n. Suppose 0 = -34*v + n*v - 16. Let x(t) = -286*t + 7. Is x(v) a prime number?
True
Suppose -11 = -3*t - 5*v + 7, -5*v + 15 = 0. Let w(r) = 133*r + 223*r + 9 + 3 - t. Is w(7) a prime number?
True
Suppose b = 4*r + 15, -3*b + 0*b + 21 = -4*r. Suppose -2*m + 10 = 2*n, -b*m - 5*n = -14 + 1. Is 28120/m - 60/36 a composite number?
True
Let y(h) = 3*h**2 + 5*h - 24. Let o be y(0). Is (-358812)/o*(-2)/(-3) a composite number?
False
Is ((-8)/2)/(2 + 0) + 70890 + -3 a prime number?
False
Suppose -3*u = 3, 2*u + 4745 = 3*v - 21480. Is v prime?
True
Let u(q) = 1710*q + 11. Let p(t) = 5130*t + 30. Let f(r) = -4*p(r) + 11*u(r). Is f(-1) a composite number?
True
Let q(l) be the second derivative of l**4/24 + 203*l**3/6 - 17*l**2/2 + 5*l. Let z(f) be the first derivative of q(f). Is z(0) prime?
False
Suppose -2*w = -3*l - 1335839, -2671622 = -81*w + 77*w - 2*l. Is w a composite number?
True
Let y(i) = 2070*i - 75. Let p be y(9). Suppose -2*t - p = -7*t - 5*k, -4*k = t - 3717. Suppose -t = -8*q - 1253. Is q a prime number?
True
Let v(r) = 5*r**2 - 54*r - 238. Let l(k) = k**2 - 11*k - 48. Let g(u) = 11*l(u) - 2*v(u). Is g(18) composite?
True
Let n(d) = -2206*d - 3. Let p = -241 + 236. Is n(p) composite?
False
Suppose 5*l = 2*g - 4681, -l - 1928 = -2*g + 2741. Is g composite?
False
Let q(b) = -8*b - 30. Let t be q(-6). Is (t/(-4) - -4)/(1/(-838)) prime?
True
Let t be ((-176)/(-33))/(2/(-3)). Is (-10316)/(t*(-2)/(-12)) a prime number?
False
Let y(j) = j**3 - j + 2. Let i be y(0). Suppose z = i*z - 2*v - 12, -4*v = z. Is (4 + -2)*1060/z prime?
False
Suppose 43*a - 54*a + 233970 = 0. Is a/9 + 28/(-12) + 2 a composite number?
True
Let s = -802 + 807. Suppose s*r - 4*y = 35559, 8*r + 21332 = 11*r + y. Is r prime?
False
Let o be 44/(-77) - 6672/(-14). Suppose u = o + 257. Is u a prime number?
True
Let u = -8422 + -2068. Let r = -1647 - u. Is r composite?
True
Suppose 15*z + 20070 = 30*z. Let x = -449 + z. Is x a prime number?
False
Is 625/275*731327 - 4/(-22) prime?
False
Let l(t) = 6*t + 100. Let g be l(-16). Suppose 0*o = -o + 2*y + 2113, -g*y + 8 = 0. Is o a composite number?
True
Let s = 246 - 236. Is ((-93)/6)/(s/(-740)) a composite number?
True
Let b(v) = -6*v**3 + 34*v**2 - 124*v - 699. Is b(-43) a prime number?
False
Let v = -219 + 224. Let d(p) = 30*p**2 + 19*p - 16. Is d(v) composite?
False
Suppose -95*m - 815861 + 5727646 = 0. Is m prime?
False
Suppose -3*o = -2*p + 37, p - o = -17 + 34. Suppose -20546 - 38940 = -p*l. Is l a composite number?
True
Suppose -9*b + 385720 = -189983. Is b a composite number?
True
Let z(t) = -2805*t - 7. Let s be z(-2). Let a be (2 + -1)/((-13)/s). Let x = a - -630. Is x a composite number?
False
Let x be (1 - 4)*(-1182)/18. Let i = -394 + 1149. Suppose 3*u + i = 4*o - 0*u, -2*u = o - x. Is o a composite number?
False
Let i be (-2)/(-7) - 6279/(-147). Let x = 48 - i. Is (x + -6)/(2/(-3314)) a composite number?
False
Suppose -12*a - 4*a + 675200 = 0. Suppose -12*w - a + 190028 = 0. Is w composite?
True
Suppose -6993812 - 2304565 = -99*m. Is m prime?
True
Is 2953305/15*2/6 prime?
True
Let b be -6*((-175)/(-42) + -3). Is 5850 - 5 - 42/b composite?
False
Let d be (-5)/(-30) - ((-310)/12 - 2). Suppose 27*v = d*v - 3983. Is v a composite number?
True
Suppose -27*u + 18*u + 1197 = 0. Suppose 5*t - u = -48. Suppose 0 = 18*i - t*i - 127. Is i prime?
True
Suppose 7*y = 2*d + 837565, -40*y - 3*d + 239290 = -38*y. Is y composite?
True
Let p = 632261 + -441790. Is p a composite number?
False
Suppose 2*y + 4 = 0, -22*y - 7 = -u - 23*y. Suppose -u*d + d = -17032. Is d a prime number?
True
Let b = 7 + -5. Let y(o) = -o**3 + 2*o**2 + 58*o - 31. Let z be y(-7). Suppose b*m - 953 = -c, -4*m + 2202 = z*c - 1622. Is c a prime number?
False
Suppose 11*i = 151*i - 57357580. Is i prime?
False
Let g(p) = 3120*p + 113. Is g(52) a composite number?
True
Suppose 0 = -3*t - t + 8136. Let k = t + 1047. Suppose -3*h - m = 2*m - 1851, 4*m = -5*h + k. Is h a composite number?
False
Let u(m) = -12*m**3 + 7*m**2 + 19*m + 17. Suppose -209*y = -198*y + 55. Is u(y) a composite number?
False
Let q be -5 + -3*(-5)/15. Is 3858/1 - (q + 3 - 4) prime?
True
Let j = 294 + -89. Let a = 2513 + -879. Let v = a + j. Is v a prime number?
False
Is (-18)/2 + (179 - -24927) a composite number?
False
Let m = -373010 - -951927. Is m a prime number?
True
Let y = -606092 + 1018315. Is y prime?
False
Let p(x) be the first derivative of 9*x**2 + 163*x + 18. Is p(25) prime?
True
Suppose 5*r + y + 122 = -58, -2*r - 2*y = 80. Let l = r + 457. Is l a composite number?
True
Suppose -4*g + 106*t = 107*t - 106121, 3*t = 3*g - 79602. Is g composite?
True
Suppose 251*t = 244*t + 64897. Is t prime?
False
Let r(j) = 1092*j - 1829. Is r(10) composite?
False
Let t(m) = -2*m**3 - 2*m**2 - 2*m. Let z be t(-1). Suppose 5*v = -k + 1937, -v - z*v = 3*k - 5811. Is k prime?
False
Let q be 3/(-9) + (-305)/(-15). Suppose -4*y + q = 0, -5*i - 7*y + 2410 = -4*y. Is i composite?
False
Let d(w) = 12*w - 28. Let k be d(3). Let x(a) = 4*a + 13*a**2 + a**3 + 2*a + 11 - 2*a**3. Is x(k) a prime number?
True
Suppose 7*h + 4*n - 268 = 2*h, 4*n - 8 = 0. Suppose 5*i = i + h. Let l(m) = 11*m**2 - 5*m + 1. Is l(i) composite?
True
Let v(k) = 953*k - 194. Suppose u - 25 = -y - 3*y, 0 = -u - 5*y + 30. Is v(u) prime?
False
Suppose -713*l + 225178795 = 102*l. Is l a composite number?
False
Let c(b) = -b - 5. Let x be c(-4). Let z(d) be the second derivative of 84*d**4 + d**3/2 + d**2 - 9849*d. Is z(x) a composite number?
True
Is (-8236070)/(-42) - 252/(-2646) a prime number?
False
Let x = 27001 + 3240. Is x composite?
False
Is 26/143 - 9345672/(-88) a composite number?
True
Is (-2)/(-12) + (-17923776)/(-1152) a composite number?
False
Suppose 2*h - 4*h = -4*w + 14, 0 = h - 3*w + 11. Let c be 3/(3*h/9). Let y = c - -185. Is y composite?
True
Let f be (-88)/12*(-2 + -1). Suppose -3*y + 3*s = -18, -y = 2*y - 5*s - f. Suppose 0*c - 820 = -y*c. Is c composite?
True
Let z be 70300/15 + 6/(-9). Suppose b - 1 = 0, -3*r = 2*r + b - z. Is r a composite number?
False
Let n be (3 + 231/(-35))/(3/(-195)). Suppose n*j - 232*j = 3938. Is j prime?
False
Let m(c) = -c**3 + 99*c**2 + 917*c + 83. Is m(66) a composite number?
False
Let l(o) = 8*o + 232. Let z be l(-29). Suppose 8*s + 19*s - 99765 = z. Is s a prime number?
False
Let l(c) = 392*c**2 - 176*c - 5507. Is l(-38) a composite number?
True
Let n(u) = 133794*u**2 - 67*u + 57. Is n(2) a composite number?
False
Let p be 2 + 16/4 - 2. Let o be p/14 + (-44845)/35. Let l = o - -1940. Is l a prime number?
True
Is (0 + (-60)/8 + 8)*28151*2 composite?
False
Let u(v) be the second derivative of 2083*v**3/6 - 31*v**2/2 - 184*v. Is u(2) a composite number?
True
Suppose -6*y + 6922269 = -2*y + 5*b, 3*b - 6922259 = -4*y. Is y a prime number?
False
Let l(j) = 13*j - 2*j**2 + 204 - 198 + 0*j**2. Let p be l(8). Is p/(-30) - (-1)/((-10)/(-1444)) a composite number?
True
Let t(y) = -y**2 + 14*y + 6. Let b be t(-4). Let w = -60 - b. Suppose -w*o + 801 = -921. Is o composite?
True
Let n(l) = -l**3 + 10*l**2 - 17*l + 17. Let g be n(8). Suppose -g*v = -19*v + 20210. Is v a prime number?
False
Suppose 0 = 3*i + 24, 4*n + 2*i - 194303 = 34237. Is n a prime number?
True
Let a = -4903804 - -7873997. Is a composite?
False
Let w = 83 - 80. Suppose 2*q + 5*g - 9708 = 6*g, 0 = w*q - 3*g - 14559. Suppose q = -9*r + 14*r. Is r a prime number?
True
Let q be (-4)/(-12) + (40/15 - 1). Is (-304487)/(-51) - q/(-3) a composite number?
True
Let b be 26/91 - 340/14. Let n = b - -26. Suppose n*o + 2*f - 258 = 1032, -1907 = -3*o + 4*f. Is o composite?
False
Suppose 9 = 4*p + 5*d, 4*p + 9 = 3*d + 42. Let n(l) = -2 + p - 6 - 117*l - 2. Is n(-1) prime?
True
Let w be 2 + (-22)/(-18) - 6/27. Suppose -w*x + 5565 = -2475. Suppose -4*n = -5*d + n + x, 3 = 3*n. Is d prime?
False
Let a = 29863 - 43227. Is 153/255 + a/(-10) composite?
True
Let i be (-330)/55 + 27/3. Let y = 625 + -245. Is 3/(0 + i) + y prime?
False
Let d(w) = 435813*w - 710. Is d(1) composite?
False
Suppose 16*j - 1273975 = 108889. Is j prime?
False
Let q = -1298 - -3451. Is q a composite number?
False
Let a(y) = -2*y**2 - 46*y - 45. Let c 